{"id":356,"date":"2021-03-24T13:39:12","date_gmt":"2021-03-24T12:39:12","guid":{"rendered":"https:\/\/kl.finomar.com.pl\/?page_id=356"},"modified":"2021-07-28T10:20:55","modified_gmt":"2021-07-28T08:20:55","slug":"historia-przedsiebiorstwa","status":"publish","type":"page","link":"https:\/\/kl.finomar.com.pl\/?page_id=356","title":{"rendered":"Historia Finomaru"},"content":{"rendered":"\t\t<div data-elementor-type=\"wp-page\" data-elementor-id=\"356\" class=\"elementor elementor-356\">\n\t\t\t\t\t\t<section class=\"elementor-section elementor-top-section elementor-element elementor-element-651a193 elementor-section-boxed elementor-section-height-default elementor-section-height-default\" data-id=\"651a193\" data-element_type=\"section\" data-e-type=\"section\" data-settings=\"{&quot;background_background&quot;:&quot;classic&quot;}\">\n\t\t\t\t\t\t<div class=\"elementor-container elementor-column-gap-default\">\n\t\t\t\t\t<div class=\"elementor-column elementor-col-100 elementor-top-column elementor-element elementor-element-d2430ce\" data-id=\"d2430ce\" data-element_type=\"column\" data-e-type=\"column\">\n\t\t\t<div class=\"elementor-widget-wrap elementor-element-populated\">\n\t\t\t\t\t\t<div class=\"elementor-element elementor-element-93429ca elementor-widget elementor-widget-timeline-widget-addon\" data-id=\"93429ca\" data-element_type=\"widget\" data-e-type=\"widget\" data-widget_type=\"timeline-widget-addon.default\">\n\t\t\t\t<div class=\"elementor-widget-container\">\n\t\t\t\t\t<!-- ========= Timeline Widget Addon For Elementor 1.6.21 ========= -->\n<div id=\"twae-wrapper-93429ca\" class=\"twae-vertical twae-wrapper  twae-both-sided\">   \n    <div class=\"twae-start\"><\/div>    \n    <div id=\"twea-timeline-93429ca\" class=\"twae-timeline\" ><!-- Start of Story Repeater Content --><div id=\"story-3483185\" class=\"twae-story twae-repeater-item twae-story-right twae-story-no-icon\"><!-- Story Label --><div class=\"twae-labels\"><div class=\"twae-label-big\">2020<\/div><\/div><!-- Story Icon --><div class=\"twae-icon\"><i aria-hidden=\"true\" class=\"far fa-sun\"><\/i><\/div><!-- Story Arrow --><div class=\"twae-arrow\"><\/div><!-- Start of Story Content --><div class=\"twae-content\"><!-- Story Title --><div class=\"twae-title\">Ponton FINOMAR 1<\/div><!-- Story Image --><div class=\"twae-media medium\"><img fetchpriority=\"high\" decoding=\"async\" width=\"300\" height=\"200\" src=\"https:\/\/kl.finomar.com.pl\/wp-content\/uploads\/2021\/05\/pont3_l-300x200.jpg\" class=\"attachment-medium size-medium\" alt=\"\" srcset=\"https:\/\/kl.finomar.com.pl\/wp-content\/uploads\/2021\/05\/pont3_l-300x200.jpg 300w, https:\/\/kl.finomar.com.pl\/wp-content\/uploads\/2021\/05\/pont3_l-768x512.jpg 768w, https:\/\/kl.finomar.com.pl\/wp-content\/uploads\/2021\/05\/pont3_l.jpg 800w\" sizes=\"(max-width: 300px) 100vw, 300px\" \/><\/div><!-- Story Description --><div class=\"twae-description\"><p><em><br \/><br \/>Budowa w\u0142asnego pontonu zatapialnego (P\u0142ywaj\u0105cej Platformy Pontonowej) o wymiarach 48,00 m x 18,00 m x 4,30 m do cel\u00f3w wodowania kad\u0142ub\u00f3w oraz transportu blok\u00f3w i sekcji okr\u0119towych. Projekt wsp\u00f3\u0142finansowany z funduszy UE.<\/em><\/p><\/div><\/div><\/div><!-- Start of Story Repeater Content --><div id=\"story-ce273d7\" class=\"twae-story twae-repeater-item twae-story-left twae-story-no-icon\"><!-- Story Label --><div class=\"twae-labels\"><div class=\"twae-label-big\">2019<\/div><\/div><!-- Story Icon --><div class=\"twae-icon\"><i aria-hidden=\"true\" class=\"far fa-sun\"><\/i><\/div><!-- Story Arrow --><div class=\"twae-arrow\"><\/div><!-- Start of Story Content --><div class=\"twae-content\"><!-- Story Title --><div class=\"twae-title\">Nowe maszyny<\/div><!-- Story Image --><div class=\"twae-media medium\"><img decoding=\"async\" width=\"300\" height=\"200\" src=\"https:\/\/kl.finomar.com.pl\/wp-content\/uploads\/2021\/05\/au_1d-300x200.jpg\" class=\"attachment-medium size-medium\" alt=\"\" srcset=\"https:\/\/kl.finomar.com.pl\/wp-content\/uploads\/2021\/05\/au_1d-300x200.jpg 300w, https:\/\/kl.finomar.com.pl\/wp-content\/uploads\/2021\/05\/au_1d-768x513.jpg 768w, https:\/\/kl.finomar.com.pl\/wp-content\/uploads\/2021\/05\/au_1d.jpg 800w\" sizes=\"(max-width: 300px) 100vw, 300px\" \/><\/div><!-- Story Description --><div class=\"twae-description\"><p><br \/><br \/><br \/><br \/><em><br \/>Zakup maszyny ECKERT ONYX do ci\u0119cia plazmowego i trasowania blach, z g\u0142owic\u0105 do ukosowania oraz drukark\u0105 do opisywania element\u00f3w.<\/em><\/p><\/div><\/div><\/div><!-- Start of Story Repeater Content --><div id=\"story-b165f42\" class=\"twae-story twae-repeater-item twae-story-right twae-story-no-icon\"><!-- Story Label --><div class=\"twae-labels\"><div class=\"twae-label-big\">2014<\/div><\/div><!-- Story Icon --><div class=\"twae-icon\"><i aria-hidden=\"true\" class=\"far fa-sun\"><\/i><\/div><!-- Story Arrow --><div class=\"twae-arrow\"><\/div><!-- Start of Story Content --><div class=\"twae-content\"><!-- Story Title --><div class=\"twae-title\">Megajachty<\/div><!-- Story Image --><div class=\"twae-media medium\"><img decoding=\"async\" width=\"300\" height=\"200\" src=\"https:\/\/kl.finomar.com.pl\/wp-content\/uploads\/2021\/06\/megajachty-1-300x200.jpg\" class=\"attachment-medium size-medium\" alt=\"\" srcset=\"https:\/\/kl.finomar.com.pl\/wp-content\/uploads\/2021\/06\/megajachty-1-300x200.jpg 300w, https:\/\/kl.finomar.com.pl\/wp-content\/uploads\/2021\/06\/megajachty-1-768x512.jpg 768w, https:\/\/kl.finomar.com.pl\/wp-content\/uploads\/2021\/06\/megajachty-1.jpg 800w\" sizes=\"(max-width: 300px) 100vw, 300px\" \/><\/div><!-- Story Description --><div class=\"twae-description\"><p>\u00a0<\/p><p><br \/><br \/><br \/><br \/><br \/><br \/><em>Budowa megajacht\u00f3w na terenie stoczni niemieckich<\/em>.<\/p><\/div><\/div><\/div><!-- Start of Story Repeater Content --><div id=\"story-5151905\" class=\"twae-story twae-repeater-item twae-story-left twae-story-no-icon\"><!-- Story Label --><div class=\"twae-labels\"><div class=\"twae-label-big\">2013<\/div><\/div><!-- Story Icon --><div class=\"twae-icon\"><i aria-hidden=\"true\" class=\"far fa-sun\"><\/i><\/div><!-- Story Arrow --><div class=\"twae-arrow\"><\/div><!-- Start of Story Content --><div class=\"twae-content\"><!-- Story Title --><div class=\"twae-title\">Bloki okr\u0119towe do 800 ton.<\/div><!-- Story Image --><div class=\"twae-media medium\"><img loading=\"lazy\" decoding=\"async\" width=\"300\" height=\"200\" src=\"https:\/\/kl.finomar.com.pl\/wp-content\/uploads\/2021\/06\/sekcje-300x200.jpg\" class=\"attachment-medium size-medium\" alt=\"\" srcset=\"https:\/\/kl.finomar.com.pl\/wp-content\/uploads\/2021\/06\/sekcje-300x200.jpg 300w, https:\/\/kl.finomar.com.pl\/wp-content\/uploads\/2021\/06\/sekcje-768x512.jpg 768w, https:\/\/kl.finomar.com.pl\/wp-content\/uploads\/2021\/06\/sekcje.jpg 800w\" sizes=\"(max-width: 300px) 100vw, 300px\" \/><\/div><!-- Story Description --><div class=\"twae-description\"><p><em><br \/><br \/>Realizacja g\u0142\u00f3wnie projekt\u00f3w dla budownictwa okr\u0119towego dla partner\u00f3w ze Skandynawii, Niemiec, Holandii i Wielkiej Brytanii. W szczeg\u00f3lno\u015bci: kad\u0142uby statk\u00f3w rybackich, serwisowych, lodo\u0142amaczy i du\u017cych blok\u00f3w okr\u0119towych do 800 ton.<\/em><\/p><\/div><\/div><\/div><!-- Start of Story Repeater Content --><div id=\"story-ebecf9f\" class=\"twae-story twae-repeater-item twae-story-right twae-story-no-icon\"><!-- Story Label --><div class=\"twae-labels\"><div class=\"twae-label-big\">2012<\/div><\/div><!-- Story Icon --><div class=\"twae-icon\"><i aria-hidden=\"true\" class=\"far fa-sun\"><\/i><\/div><!-- Story Arrow --><div class=\"twae-arrow\"><\/div><!-- Start of Story Content --><div class=\"twae-content\"><!-- Story Title --><div class=\"twae-title\">Budowa prom\u00f3w<\/div><!-- Story Image --><div class=\"twae-media medium\"><img loading=\"lazy\" decoding=\"async\" width=\"300\" height=\"200\" src=\"https:\/\/kl.finomar.com.pl\/wp-content\/uploads\/2021\/06\/sekcje_promow-300x200.jpg\" class=\"attachment-medium size-medium\" alt=\"\" srcset=\"https:\/\/kl.finomar.com.pl\/wp-content\/uploads\/2021\/06\/sekcje_promow-300x200.jpg 300w, https:\/\/kl.finomar.com.pl\/wp-content\/uploads\/2021\/06\/sekcje_promow-768x511.jpg 768w, https:\/\/kl.finomar.com.pl\/wp-content\/uploads\/2021\/06\/sekcje_promow.jpg 800w\" sizes=\"(max-width: 300px) 100vw, 300px\" \/><\/div><!-- Story Description --><div class=\"twae-description\"><p><em><br \/><br \/><br \/><br \/><br \/><br \/>Budowa kad\u0142ub\u00f3w prom\u00f3w.<\/em><\/p><\/div><\/div><\/div><!-- Start of Story Repeater Content --><div id=\"story-c4f29e1\" class=\"twae-story twae-repeater-item twae-story-left twae-story-no-icon\"><!-- Story Label --><div class=\"twae-labels\"><div class=\"twae-label-big\">2011<\/div><\/div><!-- Story Icon --><div class=\"twae-icon\"><i aria-hidden=\"true\" class=\"far fa-sun\"><\/i><\/div><!-- Story Arrow --><div class=\"twae-arrow\"><\/div><!-- Start of Story Content --><div class=\"twae-content\"><!-- Story Title --><div class=\"twae-title\">Offshore<\/div><!-- Story Image --><div class=\"twae-media medium\"><img loading=\"lazy\" decoding=\"async\" width=\"300\" height=\"200\" src=\"https:\/\/kl.finomar.com.pl\/wp-content\/uploads\/2021\/06\/DSC1773-300x200.jpg\" class=\"attachment-medium size-medium\" alt=\"\" srcset=\"https:\/\/kl.finomar.com.pl\/wp-content\/uploads\/2021\/06\/DSC1773-300x200.jpg 300w, https:\/\/kl.finomar.com.pl\/wp-content\/uploads\/2021\/06\/DSC1773-1024x683.jpg 1024w, https:\/\/kl.finomar.com.pl\/wp-content\/uploads\/2021\/06\/DSC1773-768x512.jpg 768w, https:\/\/kl.finomar.com.pl\/wp-content\/uploads\/2021\/06\/DSC1773.jpg 1500w\" sizes=\"(max-width: 300px) 100vw, 300px\" \/><\/div><!-- Story Description --><div class=\"twae-description\"><p><em><br \/><br \/><br \/><br \/><br \/>Wzmo\u017cona produkcja dla rynku morskich farm wiatrowych, konstrukcje typu \u201esecondary steel\u201d dla wiod\u0105cych odbiorc\u00f3w w Europie. G\u0142\u00f3wnie klatki anodowe oraz platformy zewn\u0119trzne.<\/em><\/p><\/div><\/div><\/div><!-- Start of Story Repeater Content --><div id=\"story-2f9e025\" class=\"twae-story twae-repeater-item twae-story-right twae-story-no-icon\"><!-- Story Label --><div class=\"twae-labels\"><div class=\"twae-label-big\">2009<\/div><\/div><!-- Story Icon --><div class=\"twae-icon\"><i aria-hidden=\"true\" class=\"far fa-sun\"><\/i><\/div><!-- Story Arrow --><div class=\"twae-arrow\"><\/div><!-- Start of Story Content --><div class=\"twae-content\"><!-- Story Title --><div class=\"twae-title\">Nowa produkcja<\/div><!-- Story Image --><div class=\"twae-media medium\"><img loading=\"lazy\" decoding=\"async\" width=\"300\" height=\"200\" src=\"https:\/\/kl.finomar.com.pl\/wp-content\/uploads\/2021\/06\/matthai-300x200.jpg\" class=\"attachment-medium size-medium\" alt=\"\" srcset=\"https:\/\/kl.finomar.com.pl\/wp-content\/uploads\/2021\/06\/matthai-300x200.jpg 300w, https:\/\/kl.finomar.com.pl\/wp-content\/uploads\/2021\/06\/matthai-1024x682.jpg 1024w, https:\/\/kl.finomar.com.pl\/wp-content\/uploads\/2021\/06\/matthai-768x512.jpg 768w, https:\/\/kl.finomar.com.pl\/wp-content\/uploads\/2021\/06\/matthai-1536x1024.jpg 1536w, https:\/\/kl.finomar.com.pl\/wp-content\/uploads\/2021\/06\/matthai.jpg 2042w\" sizes=\"(max-width: 300px) 100vw, 300px\" \/><\/div><!-- Story Description --><div class=\"twae-description\"><p><em><br \/><br \/><br \/><br \/><br \/><br \/><br \/><br \/><br \/>Budowa ponton\u00f3w i pog\u0142\u0119biarek pontonowych<\/em><\/p><\/div><\/div><\/div><!-- Start of Story Repeater Content --><div id=\"story-035f191\" class=\"twae-story twae-repeater-item twae-story-left twae-story-no-icon\"><!-- Story Label --><div class=\"twae-labels\"><div class=\"twae-label-big\">2006<\/div><\/div><!-- Story Icon --><div class=\"twae-icon\"><i aria-hidden=\"true\" class=\"far fa-sun\"><\/i><\/div><!-- Story Arrow --><div class=\"twae-arrow\"><\/div><!-- Start of Story Content --><div class=\"twae-content\"><!-- Story Title --><div class=\"twae-title\">Rozw\u00f3j<\/div><!-- Story Image --><div class=\"twae-media medium\"><img loading=\"lazy\" decoding=\"async\" width=\"300\" height=\"200\" src=\"https:\/\/kl.finomar.com.pl\/wp-content\/uploads\/2021\/06\/widok-300x200.jpg\" class=\"attachment-medium size-medium\" alt=\"\" srcset=\"https:\/\/kl.finomar.com.pl\/wp-content\/uploads\/2021\/06\/widok-300x200.jpg 300w, https:\/\/kl.finomar.com.pl\/wp-content\/uploads\/2021\/06\/widok-1024x683.jpg 1024w, https:\/\/kl.finomar.com.pl\/wp-content\/uploads\/2021\/06\/widok-768x512.jpg 768w, https:\/\/kl.finomar.com.pl\/wp-content\/uploads\/2021\/06\/widok.jpg 1200w\" sizes=\"(max-width: 300px) 100vw, 300px\" \/><\/div><!-- Story Description --><div class=\"twae-description\"><p><em><br \/>Nabycie nieruchomo\u015bci zabudowanej o powierzchni ok. 5 ha przy ul. \u0141ady 2 w Szczecinie wraz z przyleg\u0142ym nabrze\u017cem ARSENA\u0141 o d\u0142ugo\u015bci 330 m. Inwestycje i modernizacja zak\u0142adu przy wykorzystaniu wsp\u00f3\u0142finansowania z funduszy UE (np. nowoczesna maszyna do ci\u0119cia i znakowania plazmowego Microstep).<\/em><\/p><\/div><\/div><\/div><!-- Start of Story Repeater Content --><div id=\"story-91a7bc7\" class=\"twae-story twae-repeater-item twae-story-right twae-story-no-icon\"><!-- Story Label --><div class=\"twae-labels\"><div class=\"twae-label-big\">2003<\/div><\/div><!-- Story Icon --><div class=\"twae-icon\"><i aria-hidden=\"true\" class=\"far fa-sun\"><\/i><\/div><!-- Story Arrow --><div class=\"twae-arrow\"><\/div><!-- Start of Story Content --><div class=\"twae-content\"><!-- Story Title --><div class=\"twae-title\">Sta\u0142a wsp\u00f3\u0142praca<\/div><!-- Story Image --><div class=\"twae-media medium\"><img loading=\"lazy\" decoding=\"async\" width=\"300\" height=\"200\" src=\"https:\/\/kl.finomar.com.pl\/wp-content\/uploads\/2021\/06\/sekcje-3-300x200.jpg\" class=\"attachment-medium size-medium\" alt=\"\" srcset=\"https:\/\/kl.finomar.com.pl\/wp-content\/uploads\/2021\/06\/sekcje-3-300x200.jpg 300w, https:\/\/kl.finomar.com.pl\/wp-content\/uploads\/2021\/06\/sekcje-3-1024x681.jpg 1024w, https:\/\/kl.finomar.com.pl\/wp-content\/uploads\/2021\/06\/sekcje-3-768x511.jpg 768w, https:\/\/kl.finomar.com.pl\/wp-content\/uploads\/2021\/06\/sekcje-3.jpg 1200w\" sizes=\"(max-width: 300px) 100vw, 300px\" \/><\/div><!-- Story Description --><div class=\"twae-description\"><p><em><br \/><br \/><br \/>Sta\u0142a wsp\u00f3\u0142praca ze stoczniami niemieckimi w zakresie prefabrykacji sekcji okr\u0119towych na miejscu (w Finomarze), oraz monta\u017cu kad\u0142ub\u00f3w przez pracownik\u00f3w Finomaru w stoczniach niemieckich.<\/em><\/p><\/div><\/div><\/div><!-- Start of Story Repeater Content --><div id=\"story-6456fb4\" class=\"twae-story twae-repeater-item twae-story-left twae-story-no-icon\"><!-- Story Label --><div class=\"twae-labels\"><div class=\"twae-label-big\">2001<\/div><\/div><!-- Story Icon --><div class=\"twae-icon\"><i aria-hidden=\"true\" class=\"far fa-sun\"><\/i><\/div><!-- Story Arrow --><div class=\"twae-arrow\"><\/div><!-- Start of Story Content --><div class=\"twae-content\"><!-- Story Title --><div class=\"twae-title\">Produkcja<\/div><!-- Story Image --><div class=\"twae-media medium\"><img loading=\"lazy\" decoding=\"async\" width=\"300\" height=\"210\" src=\"https:\/\/kl.finomar.com.pl\/wp-content\/uploads\/2021\/06\/offshore-1-300x210.jpg\" class=\"attachment-medium size-medium\" alt=\"\" srcset=\"https:\/\/kl.finomar.com.pl\/wp-content\/uploads\/2021\/06\/offshore-1-300x210.jpg 300w, https:\/\/kl.finomar.com.pl\/wp-content\/uploads\/2021\/06\/offshore-1-768x537.jpg 768w, https:\/\/kl.finomar.com.pl\/wp-content\/uploads\/2021\/06\/offshore-1.jpg 800w\" sizes=\"(max-width: 300px) 100vw, 300px\" \/><\/div><!-- Story Description --><div class=\"twae-description\"><p><em><br \/><br \/><br \/><br \/>Od 2001 \u2013 Rozszerzenie produkcji o konstrukcje typu \u201eoffshore\u201d (elementy platform wiertniczych), oraz \u201eoil &amp; gas\u201d (palniki, kotwice, konstrukcje wsporcze, fundamenty turbin).<\/em><\/p><\/div><\/div><\/div><!-- Start of Story Repeater Content --><div id=\"story-8e1db8d\" class=\"twae-story twae-repeater-item twae-story-right twae-story-no-icon\"><!-- Story Label --><div class=\"twae-labels\"><div class=\"twae-label-big\">1995<\/div><\/div><!-- Story Icon --><div class=\"twae-icon\"><i aria-hidden=\"true\" class=\"far fa-sun\"><\/i><\/div><!-- Story Arrow --><div class=\"twae-arrow\"><\/div><!-- Start of Story Content --><div class=\"twae-content\"><!-- Story Title --><div class=\"twae-title\">Wsp\u00f3\u0142praca<\/div><!-- Story Image --><div class=\"twae-media medium\"><img loading=\"lazy\" decoding=\"async\" width=\"300\" height=\"200\" src=\"https:\/\/kl.finomar.com.pl\/wp-content\/uploads\/2021\/06\/skid-300x200.jpg\" class=\"attachment-medium size-medium\" alt=\"\" srcset=\"https:\/\/kl.finomar.com.pl\/wp-content\/uploads\/2021\/06\/skid-300x200.jpg 300w, https:\/\/kl.finomar.com.pl\/wp-content\/uploads\/2021\/06\/skid-768x511.jpg 768w, https:\/\/kl.finomar.com.pl\/wp-content\/uploads\/2021\/06\/skid.jpg 800w\" sizes=\"(max-width: 300px) 100vw, 300px\" \/><\/div><!-- Story Description --><div class=\"twae-description\"><p><em><br \/><br \/><br \/><br \/><br \/><br \/>Od 1995 \u2013 Zwrot w kierunku wsp\u00f3\u0142pracy ze stoczniami niemieckimi i norweskimi oraz us\u0142ug na rzecz przemys\u0142u energetycznego.<\/em><\/p><\/div><\/div><\/div><!-- Start of Story Repeater Content --><div id=\"story-cde77f0\" class=\"twae-story twae-repeater-item twae-story-left twae-story-no-icon\"><!-- Story Label --><div class=\"twae-labels\"><div class=\"twae-label-big\">1994<\/div><\/div><!-- Story Icon --><div class=\"twae-icon\"><i aria-hidden=\"true\" class=\"far fa-sun\"><\/i><\/div><!-- Story Arrow --><div class=\"twae-arrow\"><\/div><!-- Start of Story Content --><div class=\"twae-content\"><!-- Story Title --><div class=\"twae-title\">Produkcja dla Stoczni Szczeci\u0144skiej S.A.<\/div><!-- Story Image --><div class=\"twae-media medium\"><img loading=\"lazy\" decoding=\"async\" width=\"300\" height=\"201\" src=\"https:\/\/kl.finomar.com.pl\/wp-content\/uploads\/2021\/06\/sekcja-300x201.jpg\" class=\"attachment-medium size-medium\" alt=\"\" srcset=\"https:\/\/kl.finomar.com.pl\/wp-content\/uploads\/2021\/06\/sekcja-300x201.jpg 300w, https:\/\/kl.finomar.com.pl\/wp-content\/uploads\/2021\/06\/sekcja-768x515.jpg 768w, https:\/\/kl.finomar.com.pl\/wp-content\/uploads\/2021\/06\/sekcja.jpg 800w\" sizes=\"(max-width: 300px) 100vw, 300px\" \/><\/div><!-- Story Description --><div class=\"twae-description\"><p><em><br \/><br \/><br \/><br \/><br \/>Produkcja sekcji dziobowych, den podw\u00f3jnych, sekcji burtowych, komin\u00f3w, zr\u0119bnic lukowych i maszt\u00f3wek dla Stoczni Szczeci\u0144skiej S.A.<\/em><\/p><\/div><\/div><\/div><!-- Start of Story Repeater Content --><div id=\"story-4a9182f\" class=\"twae-story twae-repeater-item twae-story-right twae-story-no-icon\"><!-- Story Label --><div class=\"twae-labels\"><div class=\"twae-label-big\">1994<\/div><\/div><!-- Story Icon --><div class=\"twae-icon\"><i aria-hidden=\"true\" class=\"far fa-sun\"><\/i><\/div><!-- Story Arrow --><div class=\"twae-arrow\"><\/div><!-- Start of Story Content --><div class=\"twae-content\"><!-- Story Title --><div class=\"twae-title\">Za\u0142o\u017cenie firmy FINOMAR<\/div><!-- Story Image --><div class=\"twae-media medium\"><img loading=\"lazy\" decoding=\"async\" width=\"300\" height=\"200\" src=\"https:\/\/kl.finomar.com.pl\/wp-content\/uploads\/2021\/06\/poczatek-1-300x200.jpg\" class=\"attachment-medium size-medium\" alt=\"\" srcset=\"https:\/\/kl.finomar.com.pl\/wp-content\/uploads\/2021\/06\/poczatek-1-300x200.jpg 300w, https:\/\/kl.finomar.com.pl\/wp-content\/uploads\/2021\/06\/poczatek-1-768x512.jpg 768w, https:\/\/kl.finomar.com.pl\/wp-content\/uploads\/2021\/06\/poczatek-1.jpg 800w\" sizes=\"(max-width: 300px) 100vw, 300px\" \/><\/div><!-- Story Description --><div class=\"twae-description\"><p>\u00a0<\/p><p>\u00a0\u00a0\u00a0\u00a0\u00a0\u00a0<em>\u00a0 2. sierpnia 1994<\/em><\/p><p><em>\u00a0\u00a0\u00a0\u00a0 \u2013 za\u0142o\u017cenie firmy<\/em><br \/><strong><span style=\"color: #3366ff\">\u00a0\u00a0\u00a0 FINOMAR sp. z o.o.<\/span><\/strong><br \/><em>z siedzib\u0105 w Szczecinie przy ul.\u0141ady 2.<\/em><\/p><\/div><\/div><\/div><\/div>\n    <div class=\"twae-end\"><\/div>\n    <\/div><style type=\"text\/css\">.elementor-356 .elementor-element.elementor-element-93429ca .twae-wrapper.twae-vertical .twae-story{margin-bottom:60px!important}.elementor-356 .elementor-element.elementor-element-93429ca .twae-wrapper{--tw-cbx-title-color:#676768;}.elementor-356 .elementor-element.elementor-element-93429ca .twae-wrapper{--tw-lbl-big-color:#B5B7B9;}.elementor-356 .elementor-element.elementor-element-93429ca .twae-wrapper{--tw-cbx-des-color:#FFFFFF;}.elementor-356 .elementor-element.elementor-element-93429ca .twae-wrapper{--tw-ibx-bg:#8AD5F7;}.elementor-356 .elementor-element.elementor-element-93429ca .twae-wrapper{--tw-cbx-bg:#AAA9A9}.elementor-356 .elementor-element.elementor-element-93429ca .twae-wrapper{--tw-line-bg:#B5B7B9}.elementor-356 .elementor-element.elementor-element-93429ca .twae-title{font-size:20px;}.elementor-356 .elementor-element.elementor-element-93429ca .twae-label-big{font-family:Helvetica;font-size:99px;text-decoration:underline;line-height:3.6em;}.elementor-356 .elementor-element.elementor-element-93429ca .twae-wrapper{--tw-lbl-big-size:99px}.elementor-356 .elementor-element.elementor-element-93429ca.twae-year{font-size:1px;}@media (max-width: 1024px){ .twae-wrapper{--tw-ybx-size: 80px !important;}}@media (max-width: 767px){ .twae-wrapper{--tw-ybx-size: 80px !important}}<\/style>\t\t\t\t<\/div>\n\t\t\t\t<\/div>\n\t\t\t\t\t<\/div>\n\t\t<\/div>\n\t\t\t\t\t<\/div>\n\t\t<\/section>\n\t\t\t\t<\/div>\n\t\t","protected":false},"excerpt":{"rendered":"<p>2020 Ponton FINOMAR 1 Budowa w\u0142asnego pontonu zatapialnego (P\u0142ywaj\u0105cej Platformy Pontonowej) o wymiarach 48,00 m x 18,00 m x 4,30 m do cel\u00f3w wodowania kad\u0142ub\u00f3w oraz transportu blok\u00f3w i sekcji okr\u0119towych. Projekt wsp\u00f3\u0142finansowany z funduszy UE. 2019 Nowe maszyny Zakup maszyny ECKERT ONYX do ci\u0119cia plazmowego i trasowania blach, z g\u0142owic\u0105 do ukosowania oraz drukark\u0105Continue reading &rarr;<\/p>\n","protected":false},"author":1,"featured_media":0,"parent":17,"menu_order":0,"comment_status":"closed","ping_status":"closed","template":"","meta":{"footnotes":""},"class_list":["post-356","page","type-page","status-publish","hentry","no-thumb"],"_links":{"self":[{"href":"https:\/\/kl.finomar.com.pl\/index.php?rest_route=\/wp\/v2\/pages\/356","targetHints":{"allow":["GET"]}}],"collection":[{"href":"https:\/\/kl.finomar.com.pl\/index.php?rest_route=\/wp\/v2\/pages"}],"about":[{"href":"https:\/\/kl.finomar.com.pl\/index.php?rest_route=\/wp\/v2\/types\/page"}],"author":[{"embeddable":true,"href":"https:\/\/kl.finomar.com.pl\/index.php?rest_route=\/wp\/v2\/users\/1"}],"replies":[{"embeddable":true,"href":"https:\/\/kl.finomar.com.pl\/index.php?rest_route=%2Fwp%2Fv2%2Fcomments&post=356"}],"version-history":[{"count":249,"href":"https:\/\/kl.finomar.com.pl\/index.php?rest_route=\/wp\/v2\/pages\/356\/revisions"}],"predecessor-version":[{"id":4269,"href":"https:\/\/kl.finomar.com.pl\/index.php?rest_route=\/wp\/v2\/pages\/356\/revisions\/4269"}],"up":[{"embeddable":true,"href":"https:\/\/kl.finomar.com.pl\/index.php?rest_route=\/wp\/v2\/pages\/17"}],"wp:attachment":[{"href":"https:\/\/kl.finomar.com.pl\/index.php?rest_route=%2Fwp%2Fv2%2Fmedia&parent=356"}],"curies":[{"name":"wp","href":"https:\/\/api.w.org\/{rel}","templated":true}]}}